 number?
True
Is 2702583023 composite?
True
Is 56509792043 prime?
True
Is 75267691951 prime?
True
Is 514574657 composite?
True
Is 32586224977 a prime number?
False
Is 1062726059 a prime number?
False
Is 758648717 prime?
True
Is 20938238201 composite?
True
Is 631318717 a composite number?
False
Is 10641278383 a prime number?
True
Is 25082779 a composite number?
False
Is 6753214723 a composite number?
False
Is 2889439829 a prime number?
True
Is 38654043691 a composite number?
True
Is 32520819743 composite?
False
Is 3397864649 a composite number?
True
Is 125541788257 prime?
True
Is 222561355 a prime number?
False
Is 9320182477 a prime number?
True
Is 7800855301 a prime number?
True
Is 630138181 composite?
True
Is 1859756498 a composite number?
True
Is 16743213791 a prime number?
False
Is 4686099689 a prime number?
True
Is 1368749311 a composite number?
False
Is 102898178279 a composite number?
True
Is 511472123 prime?
False
Is 19387222594 composite?
True
Is 11605487506 a composite number?
True
Is 245606768159 prime?
True
Is 3414238354 a composite number?
True
Is 48682956029 prime?
True
Is 13573255027 a prime number?
True
Is 6746380609 a prime number?
True
Is 22940774221 a composite number?
True
Is 248293218827 composite?
True
Is 3409845871 composite?
False
Is 42019968421 a prime number?
True
Is 12699363337 composite?
True
Is 296468556209 composite?
True
Is 93889843401 composite?
True
Is 128150633081 composite?
True
Is 474574391 prime?
True
Is 32679661883 composite?
True
Is 75429445283 composite?
False
Is 37815504271 a composite number?
False
Is 57761571407 prime?
False
Is 5741196679 a composite number?
False
Is 6507827003 a prime number?
False
Is 9994024531 a composite number?
True
Is 2213966957 prime?
True
Is 60120645791 a prime number?
False
Is 3920453083 prime?
True
Is 360953221 prime?
False
Is 1094073809 a composite number?
False
Is 2027805737 prime?
False
Is 35238653 a prime number?
True
Is 7652257397 a prime number?
False
Is 24993422863 a composite number?
True
Is 7523613803 composite?
False
Is 1967872711 a composite number?
True
Is 10959055013 composite?
False
Is 13904174423 a composite number?
True
Is 3098679571 a composite number?
True
Is 4580995481 composite?
True
Is 4349104873 a composite number?
False
Is 8939919757 a composite number?
True
Is 5483181133 prime?
True
Is 1625651323 a prime number?
False
Is 338678671501 a composite number?
False
Is 10046542927 composite?
False
Is 97686863263 a composite number?
True
Is 3827608331 a composite number?
False
Is 8962360699 prime?
False
Is 704092327 prime?
False
Is 13272316949 prime?
False
Is 1966389041 a composite number?
False
Is 6526355065 a composite number?
True
Is 4076084153 a prime number?
True
Is 27230496031 a prime number?
False
Is 124342237 composite?
True
Is 2469517969 prime?
True
Is 486278015 a prime number?
False
Is 54438373753 composite?
False
Is 255213761 a composite number?
True
Is 12174931381 a prime number?
False
Is 36314022083 prime?
False
Is 414335555 prime?
False
Is 11980161101 prime?
True
Is 25515917789 a composite number?
False
Is 5391081403 composite?
True
Is 264188273 a prime number?
True
Is 1150464943 a composite number?
True
Is 634366301 a prime number?
True
Is 2100706897 prime?
True
Is 613203947 prime?
True
Is 633404423 a prime number?
False
Is 1176217261 a prime number?
True
Is 26791224989 a composite number?
False
Is 378906457 a composite number?
True
Is 1618724423 prime?
False
Is 969364171 a composite number?
False
Is 4259696489 prime?
True
Is 12285017057 a composite number?
False
Is 981916757 composite?
False
Is 25144847753 a prime number?
False
Is 244167893 a prime number?
False
Is 9772544449 composite?
False
Is 3925379753 a prime number?
False
Is 257977325653 a composite number?
False
Is 4263343837 prime?
True
Is 2949685373 prime?
False
Is 10114601 a composite number?
True
Is 367212611 a prime number?
True
Is 6818275513 prime?
False
Is 10325644181 a prime number?
True
Is 23800791151 composite?
False
Is 141138241 a composite number?
True
Is 643552957 a composite number?
False
Is 3368149583 a composite number?
False
Is 438311977 a prime number?
True
Is 13391362993 a composite number?
True
Is 1622302523 a composite number?
False
Is 265176239 a prime number?
False
Is 4364086367 a prime number?
True
Is 1440444673 a prime number?
False
Is 63008683 prime?
True
Is 1861289158 a composite number?
True
Is 44756672861 a prime number?
True
Is 19790794999 prime?
True
Is 712629929 a prime number?
False
Is 887505461 composite?
False
Is 264520331 composite?
False
Is 1298308103 prime?
True
Is 2270256889 composite?
False
Is 1796865647 composite?
True
Is 2854657991 a composite number?
False
Is 47813602117 a composite number?
False
Is 272342473 a composite number?
True
Is 2789003363 a composite number?
False
Is 32090997737 a composite number?
False
Is 894225403 a composite number?
True
Is 12244241131 a composite number?
True
Is 3856460681 composite?
True
Is 721658621 composite?
True
Is 2461747039 composite?
True
Is 1489377413 a prime number?
True
Is 512030257 a composite number?
True
Is 549040277 a composite number?
True
Is 2810166637 prime?
False
Is 921713071 a prime number?
False
Is 333381955 a composite number?
True
Is 630726959 a composite number?
False
Is 71232404489 prime?
True
Is 83063170741 composite?
True
Is 3079319657 prime?
False
Is 195324797 a composite number?
False
Is 494324197 a prime number?
False
Is 91278469 composite?
False
Is 13378367357 prime?
True
Is 5102955821 a composite number?
True
Is 1572865586 a composite number?
True
Is 30117169193 a prime number?
True
Is 44529865313 composite?
True
Is 43535998663 a composite number?
False
Is 5473687529 a composite number?
False
Is 1715907379 prime?
True
Is 96379241811 a composite number?
True
Is 326481847 prime?
False
Is 2193727177 a prime number?
False
Is 37619081 prime?
True
Is 958031381 a prime number?
True
Is 2870669103 a prime number?
False
Is 1082406083 a prime number?
False
Is 19480863871 prime?
False
Is 21487741399 a prime number?
False
Is 29578271243 composite?
True
Is 8324269339 a composite number?
False
Is 139222151323 a prime number?
True
Is 25017962597 a composite number?
False
Is 857232251 prime?
True
Is 14000824741 prime?
False
Is 228040349 a prime number?
True
Is 4696846439 a prime number?
True
Is 280325581 a prime number?
True
Is 23240910691 a prime number?
False
Is 3084036539 composite?
True
Is 50741950471 composite?
False
Is 12129663703 a prime number?
False
Is 100770095 composite?
True
Is 9599188613 a prime number?
False
Is 66350321533 a composite number?
False
Is 3967688003 a prime number?
False
Is 465029867 a prime number?
False
Is 4736400457 a prime number?
False
Is 2065356841 prime?
False
Is 25304542877 a prime number?
False
Is 130764073 a prime number?
False
Is 3182729489 prime?
False
Is 5171929267 a prime number?
True
Is 2340720413 a prime number?
False
Is 36591155179 prime?
True
Is 17635381 a composite number?
False
Is 3717373801 a composite number?
False
Is 7854919 a composite number?
True
Is 695030594 a prime number?
False
Is 5581421011 a composite number?
True
Is 11678895187 a prime number?
True
Is 13652278637 composite?
False
Is 2172392371 a prime number?
True
Is 2162806091 a composite number?
False
Is 1598183449 composite?
False
Is 23881627123 a composite number?
False
Is 102418114171 composite?
False
Is 186724952213 a prime number?
True
Is 9160520791 prime?
False
Is 334545473 prime?
False
Is 62936100377 composite?
True
Is 603391927 a composite number?
False
Is 151724108507 prime?
True
Is 190975163 composite?
False
Is 37137278051 a prime number?
True
Is 2825281414 a prime number?
False
Is 4137430657 composite?
True
Is 107999 a prime number?
True
Is 3316250807 a composite number?
True
Is 102890704451 prime?
True
Is 3226244657 prime?
True
Is 21466692797 a prime number?
False
Is 2763870427 a composite number?
False
Is 51508529 a prime number?
False
Is 26472735979 a composite number?
True
Is 16774951411 composite?
True
Is 3331431503 composite?
True
Is 86517976717 a composite number?
True
Is 94049776423 prime?
False
Is 2741657429 a composite number?
True
Is 95938265707 prime?
False
Is 108670351 prime?
False
Is 68009365285 composite?
True
Is 2554647703 prime?
False
Is 86182685 composite?
